ate the remainder when x is divided by 12.
9
Let d = 1 - -3. Let v be ((-3)/(-2) - 2)/((-1)/(-4)). Calculate the remainder when (3 - 2)*-4 + (v - -15) is divided by d.
1
What is the remainder when 9*(-90)/(-12)*2 is divided by 45?
0
Suppose 4*h + 13 = -3*y - 9, 5*y = 5*h + 10. Let x(f) = -f**3 - 4*f**2 - 2*f - 1. Calculate the remainder when 34 is divided by x(h).
6
Let a = 103 + -72. What is the remainder when 216 is divided by a?
30
Let x be (1 - 33)/(8 + -7). What is the remainder when (x/12)/((-1)/6) is divided by 5?
1
Let n = 80 + -28. Suppose 0 = 11*u - 7*u - n. Let p = u - -11. What is the remainder when p is divided by 13?
11
Let m(v) = 2*v**2 - 40*v + 3. What is the remainder when m(35) is divided by 132?
129
Let o(b) = 4*b**2 + 36*b - 20. Suppose -2*p + 36 - 8 = 0. Calculate the remainder when o(-11) is divided by p.
12
Let n(i) = 12*i - 7. Suppose -4*w = 2*z - 52, 4*z + 59 = 3*w + 119. Calculate the remainder when n(5) is divided by z.
17
Let v(i) = i**2 - 16*i - 9. Let w(s) = -s**3 + 12*s**2 - 8*s - 11. What is the remainder when w(11) is divided by v(17)?
6
What is the remainder when 84 is divided by 4*7/(70/55)?
18
Suppose 0 = -5*v + 2*v - 12, -2*a - v + 2 = 0. Suppose -a*d + 27 = -2*s + 4*s, 3*s - 35 = -4*d. Calculate the remainder when 42 is divided by d.
9
Let g(z) = -6*z + 55. Calculate the remainder when 191 is divided by g(7).
9
Suppose 7904 = -404*j + 412*j. What is the remainder when j is divided by 43?
42
Suppose -8 = 4*h, -4*h = -6*w + 5*w + 48. What is the remainder when 202 is divided by w?
2
Let y be (-1 + 6)*18/15. Suppose 3*i = y*i + 15. Let b(g) = -g**3 - 3*g**2 + 5*g + 1. What is the remainder when b(i) is divided by 10?
6
Suppose -3*f = f - 4*z - 36, -z = -2*f + 17. Calculate the remainder when f is divided by 9/3 - (1 + -1).
2
Let f(b) = -3*b - 3. Let l be f(-3). Let o be 54/(-12)*(-4)/l. Suppose -2*c + 105 = o*c. What is the remainder when c is divided by 12?
9
Suppose -5*f + 32 = -4*i - 2, 5*f - 3*i - 33 = 0. Suppose f*c + 27 = 3*c. Let k = c + 17. What is the remainder when 14 is divided by k?
6
Suppose 7*y = 6*y - 5, 2*y + 10 = u. What is the remainder when 13 is divided by 8 - 3 - (u + 0)?
3
Suppose -7*k - 3*y = -2*k - 306, -4*k + 3*y = -234. Let x = -43 + k. Suppose 18 = 4*g - 6. What is the remainder when x is divided by g?
5
Let t(d) = -8*d - 6. Calculate the remainder when t(-17) is divided by 12.
10
Let x = -234 - -281. What is the remainder when 86 is divided by x?
39
Suppose b = 3*c - 2*c - 87, 0 = 2*c + 8. Let k = -24 - b. Calculate the remainder when k is divided by 14.
11
Let f(z) = 8*z**2 + 54*z - 10. Calculate the remainder when 259 is divided by f(-8).
49
Suppose -3*k + 6 = b, b + 3*k = k + 8. Suppose b = 3*a, -3*a + 74 = 5*v - 2*a. What is the remainder when 110 is divided by v?
12
Let k be ((-4)/6)/(10/(-465)). Let l be k - ((-2)/(-2) + 2). Suppose -4*w - 2*s = -7*s - 60, l = 2*w - 3*s. What is the remainder when 39 is divided by w?
19
Suppose 4*g - 12 = 2*g. Let y = g - -9. Calculate the remainder when (344/32)/(2/8) is divided by y.
13
Let g be ((-9)/(-6))/((-3)/(-284)). Suppose -4*b + u + g = 4*u, 0 = -4*b + 2*u + 132. What is the remainder when b is divided by 7?
6
Suppose -c = -2*x - 28 + 14, -x - 77 = -4*c. What is the remainder when 255 is divided by c?
15
Let z(k) = -6*k + 93. Calculate the remainder when z(10) is divided by 12.
9
Calculate the remainder when 98 is divided by (-255)/(-23) - 26/299.
10
Suppose 9*d - 351 = 144. What is the remainder when 158 is divided by d?
48
Let z = 52 - 36. Calculate the remainder when 63 is divided by 18 - z/(-2 + -2).
19
Suppose -3*t + 329 = 2*g, 8 = 3*t + 11. Calculate the remainder when g is divided by 13.
10
Suppose s - 755 = -4*s. Calculate the remainder when s is divided by 11.
8
Let g be 2*-1 - (-61 + -1). Suppose 17*u = 15*u - g. Let w = u + 38. What is the remainder when 21 is divided by w?
5
Let i(c) = 4*c - 3. Let f(m) = m**2 - m - 3. Let a be f(3). Suppose -d + 93 = a*d + p, -d + 4*p = -36. What is the remainder when d is divided by i(3)?
6
Let m = -32 - -35. Suppose -p = 5*a - 172, -5*p + 309 = -m*p + 3*a. What is the remainder when p is divided by 37?
36
Let n = 18 + -45. Let g = n + 57. What is the remainder when g is divided by 7?
2
Suppose z - 28 + 112 = 0. Let d = -425 - -447. What is the remainder when ((-2)/4)/(1/z) is divided by d?
20
What is the remainder when 136 is divided by (-234)/(6 + -15) + 4?
16
Let i(l) = -3*l. Let h be i(4). Suppose 0 = -19*a - 161 + 655. Calculate the remainder when (8/h)/(4/(-606)) is divided by a.
23
What is the remainder when (0 - -3)*(158/3 + -7) is divided by 38?
23
Suppose -5*q + 103 = -4*h, -q + 11 = -0*q - 4*h. Calculate the remainder when 47 is divided by q.
1
Suppose c + 116 = 5*c - 4*y, 2*c - 54 = -2*y. Suppose 0 = 5*x + 2*d - c, 5*d - 16 = x - 0*x. What is the remainder when 21 is divided by x?
1
Let f = -377 - -381. What is the remainder when f is divided by 4?
0
Let r(g) = -g**3 - 35*g**2 + 71*g - 55. Calculate the remainder when r(-37) is divided by 36/3 + -1 - -1.
8
Suppose -19 - 11 = 2*r. Let q = r - -52. What is the remainder when 146 is divided by q?
35
Let a = 13 + -14. Let q = a + 34. What is the remainder when 94 is divided by q?
28
Suppose -i + 3 + 9 = 0. Let r(q) = 6*q**2 + 2*q - 3. Let p(g) = g**2. Let n(t) = 14*p(t) - 2*r(t). Calculate the remainder when n(4) is divided by i.
10
Suppose -6*m = -10 - 128. Suppose 4*l + 2*y - 10 = 0, -l + 3*l + 1 = -3*y. What is the remainder when m is divided by l?
3
Suppose -3*d = -3*x + 150, x = -3*x - 4*d + 208. What is the remainder when 199 is divided by x?
46
Let i(f) = f**3 + 7*f**2 - 3*f + 2. Let t(g) = g**3 - 18*g**2 + 24*g - 87. What is the remainder when i(-4) is divided by t(17)?
30
Let i = 200 + -112. What is the remainder when i is divided by 13?
10
Suppose 2*a + 9*f - 4*f - 38 = 0, 3*a - 40 = f. Calculate the remainder when 54 is divided by a.
12
Suppose 0*y = -5*y + 135. Suppose 2*h - 15 = -1. Suppose h*q - 318 = 4*q. Calculate the remainder when q is divided by y.
25
Suppose -o = -8 + 14. Calculate the remainder when 20 is divided by o/(-16) - ((-318)/48 + -4).
9
Suppose -5 = s - 2. Let u be -3*(-1)/s + 3. What is the remainder when 42 is divided by u*7 - (3 - 0)?
9
Let o(q) = -10*q + 359. What is the remainder when 195 is divided by o(31)?
48
Let i = -12 + 22. Let h(b) = -b**2 - 6*b + 6. Calculate the remainder when (27/6)/(5/i) is divided by h(-6).
3
Suppose 5*i - 3*p - 479 = 0, -7*i - 2*p = -8*i + 100. What is the remainder when i is divided by 55?
39
Let r(w) = -w**3 + 10*w**2 + 19*w - 20. Let j be r(12). Let s = 116 + j. Calculate the remainder when s is divided by 21.
15
Let d = -180 + 193. Calculate the remainder when 34 is divided by d.
8
Let t(z) be the second derivative of -z**3/6 + 8*z**2 + 8*z. Let k be t(16). Suppose 26 = 2*l - k*l. Calculate the remainder when l is divided by 5.
3
Let j(h) = h**2 + 3*h - 5 + 2 - 1 - 3. Calculate the remainder when 32 is divided by j(-6).
10
Let f(x) = -x**3 - 5*x**2 - 4*x + 8. Let u = -76 - -70. Calculate the remainder when f(u) is divided by 18.
14
Suppose 2*i + 238 = 4*t, 261 + 34 = 5*t - 3*i. Calculate the remainder when t is divided by 33.
29
Let h(f) = 5*f**2 + 54*f - 11. Calculate the remainder when h(-13) is divided by 41.
9
What is the remainder when 24/(-180) - 2012/(-15) is divided by 45?
44
Suppose 0 = -p + v - 2, p - 2*v - 2*v = 10. Let o be (-2)/p - 215/15. Calculate the remainder when 14 is divided by (-4)/o + 33/7.
4
Suppose 30 - 90 = 3*z. What is the remainder when 83 is divided by 2*((-232)/z + (-6)/10)?
17
Suppose k - 66 = -2*k. Let v = -67 - -77. Calculate the remainder when k is divided by v.
2
Let h = 5 - 3. Let s be (-1 + (-7 - -2))/(-2). Suppose h*w + s*w - 30 = 0. What is the remainder when 16 is divided by w?
4
Let c(w) = 2*w**3 + w - 9. Let r(b) = b**3 + b**2 - 9. Let h(a) = -2*c(a) + 3*r(a). Calculate the remainder when h(-4) is divided by 16.
15
Suppose -5*u = b - 16 - 111, 10 = 5*b. Calculate the remainder when u is divided by 8.
1
Suppose -13 = 7*i - 433. Calculate the remainder when 295 is divided by i.
55
Let x = -11 - -45. Let s(k) = -5*k + 86. Let q be s(26). Let o = 145 + q. What is the remainder when o is divided by x?
33
Let t = -9 - -5